11?
11001011
In base 9, what is 2757 - 1?
2756
In base 4, what is 3 - 20333?
-20330
In base 8, what is -120 - 53?
-173
In base 11, what is -983 - -1?
-982
In base 16, what is -40cb + 1?
-40ca
In base 3, what is -120112112 + -11?
-120112200
In base 3, what is -2 - 10112012?
-10112021
In base 14, what is 3 + 48?
4b
In base 3, what is -12000 - -1001?
-10222
In base 13, what is -1 + -14?
-15
In base 12, what is 7 - 40?
-35
In base 16, what is 671 + -4?
66d
In base 9, what is -2 + 177?
175
In base 12, what is 25 - -4?
29
In base 6, what is 0 + -11343?
-11343
In base 9, what is 2 - 44?
-42
In base 2, what is -110010101 + 100?
-110010001
In base 3, what is 1202112 - 0?
1202112
In base 3, what is 10201 + 0?
10201
In base 16, what is -2cd5 + 2?
-2cd3
In base 3, what is 10 - 2200?
-2120
In base 4, what is 11 + -210?
-133
In base 5, what is 1 + 110?
111
In base 4, what is -200 + 12?
-122
In base 3, what is 0 - 11122?
-11122
In base 12, what is 6b2 + -10?
6a2
In base 3, what is 101020 + 2011?
110101
In base 11, what is 550 + 0?
550
In base 12, what is 304 + 0?
304
In base 12, what is -2 - 255?
-257
In base 14, what is 2d2 - 8?
2c8
In base 2, what is 10 + -100101101?
-100101011
In base 7, what is -22 - 2?
-24
In base 7, what is 1666 - 2?
1664
In base 14, what is -2a05 - -3?
-2a02
In base 13, what is -5 + -478?
-480
In base 16, what is 16 - 1?
15
In base 4, what is 2220320 - -3?
2220323
In base 13, what is -24 - 80?
-a4
In base 15, what is 7 - -a?
12
In base 2, what is 110011111101 - -101?
110100000010
In base 7, what is -1 + -1352?
-1353
In base 13, what is -c6 - -4?
-c2
In base 3, what is 22220010 + 2?
22220012
In base 16, what is 29 + 3?
2c
In base 10, what is 15 - -44?
59
In base 7, what is 0 + -124?
-124
In base 2, what is -1 - -100000100000?
100000011111
In base 16, what is -381 - 3?
-384
In base 7, what is 13 + -525?
-512
In base 8, what is -74 - 4?
-100
In base 12, what is -55 + 48?
-9
In base 14, what is -3 + -d?
-12
In base 10, what is -31 + -23?
-54
In base 6, what is 1 + 23?
24
In base 13, what is -267 + 6?
-261
In base 2, what is 0 - -10000101?
10000101
In base 15, what is 39 - -3?
3c
In base 15, what is -2 - 217?
-219
In base 9, what is 5 - -116?
122
In base 7, what is -50 - 55?
-135
In base 8, what is 6 + -6?
0
In base 4, what is -11021 - -1?
-11020
In base 4, what is -1012 + 13?
-333
In base 9, what is -3003 - 5?
-3008
In base 7, what is 3 + 33?
36
In base 13, what is 6 + 29?
32
In base 2, what is 1111 + -100001?
-10010
In base 6, what is -3 - 233?
-240
In base 2, what is 1011001 - -110101?
10001110
In base 15, what is 2 - 88?
-86
In base 16, what is 0 - 2cd?
-2cd
In base 15, what is -3 - -d2?
ce
In base 2, what is -1111011 + -1?
-1111100
In base 8, what is 4 - 324?
-320
In base 9, what is 4 + 1577?
1582
In base 3, what is -100020 + -2221?
-110011
In base 7, what is 1 - -12451?
12452
In base 15, what is -2 - -1dc6?
1dc4
In base 4, what is -12101 + 11?
-12030
In base 6, what is 10 - 30245?
-30235
In base 9, what is -12634 + -2?
-12636
In base 6, what is 3 + 21433?
21440
In base 9, what is 27636 - 3?
27633
In base 6, what is -12 + 230?
214
In base 10, what is -70 + 3?
-67
In base 16, what is -99 - 3?
-9c
In base 16, what is 181 + -5?
17c
In base 9, what is 1080 - -4?
1084
In base 10, what is 7 + -1583?
-1576
In base 2, what is -110001000 - -100?
-110000100
In base 6, what is 11 + -1?
10
In base 5, what is -112 + -1000?
-1112
In base 4, what is -1120023 - 11?
-1120100
In base 3, what is -11012 - 11?
-11100
In base 9, what is -17784 - -5?
-17778
In base 11, what is 35 - 7?
29
In base 9, what is -1 + -202?
-203
In base 11, what is 349 + -5?
344
In base 16, what is 6 - 4e?
-48
In base 2, what is -101000 - -1101?
-11011
In base 10, what is 7 - 83?
-76
In base 9, what is -38 + -26?
-65
In base 13, what is 5842 - -2?
5844
In base 9, what is -5 - 182?
-187
In base 4, what is -2 - -103103?
103101
In base 14, what is 34d + 0?
34d
In base 8, what is 310 + 0?
310
In base 3, what is -10101210 - -12?
-10101121
In base 8, what is -241 + 0?
-241
In base 16, what is -4 - -9b?
97
In base 14, what is 41d + -2?
41b
In base 11, what is aa0 + 4?
aa4
In base 6, what is -10 - -332?
322
In base 13, what is -5 + -bb1?
-bb6
In base 11, what is -30 + -25?
-55
In base 3, what is -21111 + -21?
-21202
In base 4, what is -11300 - 1?
-11301
In base 12, what is 16 + -214?
-1ba
In base 10, what is 5 + -380?
-375
In base 2, what is 10 + -100111?
-100101
In base 5, what is 304 - 2?
302
In base 8, what is -125 + 3?
-122
In base 11, what is -159 - -25?
-134
In base 16, what is -c2 - 2?
-c4
In base 14, what is 12 - -4?
16
In base 8, what is -741 + -1?
-742
In base 8, what is 72 + 1?
73
In base 11, what is -70 + -2?
-72
In base 6, what is -4304 + -12?
-4320
In base 10, what is -1 + 34?
33
In base 3, what is 21102 - 11?
21021
In base 16, what is -5 - -6f?
6a
In base 5, what is -2 + -132?
-134
In base 9, what is -212 - -45?
-156
In base 3, what is 10 + -2010012?
-2010002
In base 8, what is 216 - 7?
207
In base 2, what is 11 - -101010111?
101011010
In base 8, what is -352 - -12?
-340
In base 15, what is -4 + -199?
-19d
In base 7, what is -3 - 155?
-161
In base 7, what is -114 - 4?
-121
In base 9, what is -2175 - -2?
-2173
In base 13, what is 17 - -47?
61
In base 3, what is 11 - 121?
-110
In base 5, what is -102 + -3?
-110
In base 6, what is -3 + -52?
-55
In base 2, what is -111 - 10?
-1001
In base 16, what is a - 76?
-6c
In base 14, what is 9 + -11?
-6
In base 9, what is 6 + -7?
-1
In base 13, what is -5 - a99?
-aa1
In base 2, what is 10101110100 + -11?
10101110001
In base 5, what is 13131 + -10?
13121
In base 13, what is 9b + -1?
9a
In base 2, what is 10010100101 + 10?
10010100111
In base 13, what is 2 + -31?
-2c
In base 3, what is -2 + -11000?
-11002
In base 2, what is -100010000 - -1111?
-100000001
In base 2, what is -101000001100 + 0?
-101000001100
In base 11, what is 5 + -163?
-159
In base 10, what is 19 - 28?
-9
In base 2, what is -1111 - 111111?
-1001110
In base 10, what is 1 - -2490?
2491
In base 16, what is -78 - 2f?
-a7
In base 4, what is -2310 - -10?
-2300
In base 9, what is -3 + -101?
-104
In base 9, what is -27 - -12?
-15
In base 10, what is -76 - -57?
-19
In base 5, what is 423 + 3?
431
In base 13, what is -1 + 4b?
4a
In base 10, what is -1909 + 3?
-1906
In base 12, what is -15 - -15a?
145
In base 4, what is -3332 - -11?
-3321
In base 11, what is 0 - 39?
-39
In base 13, what is -2 - 34?
-36
In base 16, what is -3d + 14?
-29
In base 8, what is 0 + 1066?
1066
In base 4, what is -20121 + -11?
-20132
In base 13, what is 8 + -17?
-c
In base 11, what is 1404 + 1?
1405
In base 11, what is a - -68a?
699
In base 12, what is -9b + 12?
-89
In base 5, what is -3143 + -2?
-3200
In base 14, what is -482 + 4?
-47c
In base 14, what is 5dc + -3?
5d9
In base 5, what is -3024 - 0?
-3024
In base 14, what is 3 - -2b3?
2b6
In base 9, what is 0 - 14?
-14
In base 11, what is 1 - -50?
51
In base 6, what is -1413 - 1?
-1414
In base 6, what is -4340 - -13?
-4323
In base 13, what is -1a37 - 2?
-1a39
In base 4, what is -30 - -13?
-11
In base 12, what is 0 + -5?
-5
In base 12, what is 14 + -10b?
-b7
In base 13, what is -3 - -3a?
37
In base 13, what is -103 + -4?
-107
In base 13, what is 171c + -4?
1718
In base 6, what is -5 + -2325?
-2334
In base 4, what is -1100 - 1?
-1101
In base 9, what is -385 + 5?
-380
In base 15, what is c8 - -2?
ca
In base 12, what is -6a9 - -2?
-6a7
In base 11, what is -14 + 23?
a
In base 4, what is -103 + 1000?
231
In base 5, what is -40 - -10422?
10332
In base 4, what is 11320 + -2?
11312
In base 13, what is 17 + -97?
-80
In base 3, what is -221112 + 21?
-221021
In base 15, what is -3 + -53?
-56
In base 3, what is -212 - -201?
-11
In base 7, what is -53 + 45?
-5
In base 12, what is 3 + -a8?
-a5
In base 9, what is 13 + -206?
-183
In base 16, what is -2 - -c25?
c23
In base 3, what is 110 - -11102?
11212
In base 7, what is -1435 - -5?
-1430
In base 9, what is -4 + -103?
-107
In base 16, what is -6 - -3?
-3
In base 15, what is 58 + -135?
-cc
In base 4, what is 3 - -32013?
32022
In base 16, what is e - 3?
b
In base 10, what is -197 - -5?
-192
In base 6, what is -1310 + -3?
-1313
In base 6, what is -303 - 15?
-322
In base 13, what is -21 - -361?
340
In base 9, what is -1264 + 